e tens digit of 1623?
2
What is the thousands digit of 2759?
2
What is the tens digit of 71561?
6
What is the hundreds digit of 44950?
9
What is the hundreds digit of 25776?
7
What is the hundreds digit of 6344?
3
What is the units digit of 14167?
7
What is the hundreds digit of 2405?
4
What is the units digit of 996?
6
What is the hundreds digit of 24218?
2
What is the thousands digit of 4221?
4
What is the units digit of 4306?
6
What is the hundreds digit of 142?
1
What is the hundreds digit of 16177?
1
What is the thousands digit of 30522?
0
What is the units digit of 527?
7
What is the hundreds digit of 522?
5
What is the tens digit of 733?
3
What is the tens digit of 37888?
8
What is the thousands digit of 1777?
1
What is the units digit of 141144?
4
What is the units digit of 34977?
7
What is the thousands digit of 1030?
1
What is the tens digit of 729?
2
What is the tens digit of 11087?
8
What is the hundred thousands digit of 135793?
1
What is the tens digit of 715?
1
What is the hundreds digit of 8202?
2
What is the thousands digit of 5745?
5
What is the hundreds digit of 4310?
3
What is the ten thousands digit of 24539?
2
What is the tens digit of 190?
9
What is the hundreds digit of 11300?
3
What is the hundreds digit of 44841?
8
What is the units digit of 3635?
5
What is the thousands digit of 6774?
6
What is the tens digit of 567?
6
What is the thousands digit of 4061?
4
What is the hundreds digit of 39180?
1
What is the units digit of 111?
1
What is the tens digit of 3631?
3
What is the tens digit of 10663?
6
What is the tens digit of 90276?
7
What is the hundreds digit of 272?
2
What is the ten thousands digit of 12904?
1
What is the tens digit of 760?
6
What is the units digit of 64443?
3
What is the units digit of 4705?
5
What is the units digit of 235?
5
What is the tens digit of 1574?
7
What is the tens digit of 303?
0
What is the units digit of 22222?
2
What is the tens digit of 968?
6
What is the units digit of 9230?
0
What is the tens digit of 5600?
0
What is the tens digit of 504?
0
What is the thousands digit of 1931?
1
What is the ten thousands digit of 140028?
4
What is the tens digit of 59072?
7
What is the ten thousands digit of 25694?
2
What is the hundreds digit of 73743?
7
What is the hundreds digit of 2721?
7
What is the ten thousands digit of 61847?
6
What is the thousands digit of 11045?
1
What is the units digit of 49605?
5
What is the thousands digit of 3104?
3
What is the thousands digit of 32764?
2
What is the thousands digit of 1954?
1
What is the hundreds digit of 3098?
0
What is the tens digit of 98024?
2
What is the units digit of 325?
5
What is the units digit of 4283?
3
What is the units digit of 7315?
5
What is the ten thousands digit of 96126?
9
What is the tens digit of 3883?
8
What is the tens digit of 1117?
1
What is the thousands digit of 17709?
7
What is the ten thousands digit of 54184?
5
What is the hundreds digit of 125992?
9
What is the thousands digit of 1244?
1
What is the thousands digit of 27737?
7
What is the hundreds digit of 10875?
8
What is the units digit of 113185?
5
What is the tens digit of 7634?
3
What is the units digit of 1305?
5
What is the units digit of 4905?
5
What is the hundreds digit of 9271?
2
What is the units digit of 29?
9
What is the hundreds digit of 5745?
7
What is the hundreds digit of 790?
7
What is the units digit of 1530?
0
What is the thousands digit of 36955?
6
What is the ten thousands digit of 32985?
3
What is the tens digit of 5606?
0
What is the tens digit of 4258?
5
What is the hundreds digit of 1138?
1
What is the tens digit of 43756?
5
What is the units digit of 5052?
2
What is the units digit of 235?
5
What is the ten thousands digit of 47285?
4
What is the units digit of 1302?
2
What is the thousands digit of 4118?
4
What is the tens digit of 2721?
2
What is the tens digit of 1952?
5
What is the hundreds digit of 2935?
9
What is the tens digit of 4738?
3
What is the hundreds digit of 2926?
9
What is the thousands digit of 33970?
3
What is the tens digit of 39421?
2
What is the thousands digit of 48390?
8
What is the units digit of 30457?
7
What is the thousands digit of 1437?
1
What is the thousands digit of 1281?
1
What is the ten thousands digit of 19233?
1
What is the units digit of 5921?
1
What is the units digit of 443?
3
What is the thousands digit of 91765?
1
What is the thousands digit of 1014?
1
What is the hundreds digit of 367?
3
What is the tens digit of 857?
5
What is the units digit of 6608?
8
What is the ten thousands digit of 143393?
4
What is the thousands digit of 12150?
2
What is the ten thousands digit of 11363?
1
What is the hundred thousands digit of 107417?
1
What is the thousands digit of 1217?
1
What is the thousands digit of 5507?
5
What is the thousands digit of 6244?
6
What is the thousands digit of 1038?
1
What is the tens digit of 8103?
0
What is the units digit of 1354?
4
What is the thousands digit of 4487?
4
What is the units digit of 23001?
1
What is the thousands digit of 11824?
1
What is the thousands digit of 2874?
2
What is the thousands digit of 1698?
1
What is the tens digit of 33?
3
What is the units digit of 870?
0
What is the thousands digit of 5851?
5
What is the thousands digit of 47667?
7
What is the units digit of 23922?
2
What is the thousands digit of 22965?
2
What is the hundred thousands digit of 127163?
1
What is the tens digit of 35491?
9
What is the thousands digit of 27088?
7
What is the hundreds digit of 499?
4
What is the units digit of 20751?
1
What is the hundreds digit of 12569?
5
What is the thousands digit of 74228?
4
What is the units digit of 17522?
2
What is the tens digit of 5999?
9
What is the hundreds digit of 4006?
0
What is the ten thousands digit of 34189?
3
What is the units digit of 63741?
1
What is the units digit of 581?
1
What is the thousands digit of 3529?
3
What is the hundreds digit of 4875?
8
What is the units digit of 1842?
2
What is the tens digit of 725?
2
What is the units digit of 27397?
7
What is the thousands digit of 3046?
3
What is the units digit of 115?
5
What is the hundreds digit of 890?
8
What is the tens digit of 68905?
0
What is the ten thousands digit of 17298?
1
What is the ten thousands digit of 22490?
2
What is the thousands digit of 6197?
6
What is the hundred thousands digit of 144781?
1
What is the tens digit of 8856?
5
What is the units digit of 421?
1
What is the hundreds digit of 67812?
8
What is the hundreds digit of 4557?
5
What is the tens digit of 23931?
3
What is the units digit of 97793?
3
What is the units digit of 449?
9
What is the thousands digit of 19489?
9
What is the hundreds digit of 16547?
5
What is the tens digit of 996?
9
What is the hundreds digit of 569?
5
What is the units digit of 131717?
7
What is the units digit of 2364?
4
What is the hundreds digit of 2074?
0
What is the tens digit of 4498?
9
What is the tens digit of 20989?
8
What is the thousands digit of 9300?
9
What is the tens digit of 7815?
1
What is the hundreds digit of 3130?
1
What is the tens digit of 1064?
6
What is the units digit of 4007?
7
What is the hundreds digit of 421?
4
What is the ten thousands digit of 56643?
5
What is the ten thousands digit of 54048?
5
What is the units digit of 179416?
6
What is the units digit of 627?
7
What is the ten thousands digit of 31206?
3
What is the units digit of 22956?
6
What is the tens digit of 972?
7
What is the hundreds digit of 6295?
2
What is the hundreds digit of 921?
9
What is the tens digit of 11446?
4
What is the thousands digit of 2996?
2
What is the tens digit of 5586?
8
What is the hundreds digit of 24184?
1
What is the tens digit of 49722?
2
What is the thousands digit of 6263?
6
What is the hundreds digit of 5193?
1
What is the tens digit of 853?
5
What is the units digit of 41236?
6
What is the hundreds digit of 1877?
8
What is the units digit of 380?
0
What is the thousands digit of 33056?
3
What is the thousands digit of 8713?
8
What is the tens digit of 3195?
9
What is the tens digit of 1512?
1
What is the units digit of 1595?
5
What is the hundreds digit of 9668?
6
What is the units digit of 1491?
1
What is the tens digit of 1816?
1
What is the hundreds digit of 2123?
1
What is the units di